igit of 369677241?
2
What is the units digit of 6826797443?
3
What is the thousands digit of 29994162?
4
What is the units digit of 31548478?
8
What is the hundred thousands digit of 706784436?
7
What is the tens digit of 1817202104?
0
What is the thousands digit of 4232764815?
4
What is the hundred thousands digit of 739635619?
6
What is the hundreds digit of 769515007?
0
What is the hundreds digit of 18628577?
5
What is the tens digit of 239334111?
1
What is the hundreds digit of 289848490?
4
What is the tens digit of 2260047074?
7
What is the tens digit of 34169722?
2
What is the hundred thousands digit of 83097584?
0
What is the ten millions digit of 4297509476?
9
What is the hundreds digit of 10222202?
2
What is the hundred thousands digit of 1039995?
0
What is the units digit of 81400691?
1
What is the hundreds digit of 207194041?
0
What is the hundred millions digit of 1399038236?
3
What is the hundreds digit of 951600445?
4
What is the ten millions digit of 10484943?
1
What is the hundred thousands digit of 1536311800?
3
What is the units digit of 2631391396?
6
What is the millions digit of 42267978?
2
What is the millions digit of 88794920?
8
What is the thousands digit of 819911618?
1
What is the ten millions digit of 5266520459?
6
What is the units digit of 89693092?
2
What is the tens digit of 38825966?
6
What is the ten thousands digit of 85329153?
2
What is the units digit of 89052000?
0
What is the ten thousands digit of 466496?
6
What is the hundred millions digit of 393166786?
3
What is the hundred millions digit of 201757858?
2
What is the thousands digit of 294813529?
3
What is the ten millions digit of 131070421?
3
What is the millions digit of 102095438?
2
What is the ten millions digit of 179677416?
7
What is the units digit of 86033386?
6
What is the millions digit of 4524792924?
4
What is the ten millions digit of 44741319?
4
What is the thousands digit of 3748842503?
2
What is the units digit of 152827790?
0
What is the hundred thousands digit of 6570079600?
0
What is the ten thousands digit of 35116954?
1
What is the hundreds digit of 35187847?
8
What is the hundred millions digit of 368473162?
3
What is the thousands digit of 4160585652?
5
What is the ten thousands digit of 610842649?
4
What is the thousands digit of 26045223?
5
What is the ten thousands digit of 36815579?
1
What is the thousands digit of 935735822?
5
What is the billions digit of 4141273877?
4
What is the ten thousands digit of 40998882?
9
What is the hundred thousands digit of 177923875?
9
What is the hundreds digit of 429800909?
9
What is the hundred thousands digit of 17784417?
7
What is the hundreds digit of 297210817?
8
What is the units digit of 15720139?
9
What is the millions digit of 1018793727?
8
What is the units digit of 45821032?
2
What is the thousands digit of 54486176?
6
What is the ten thousands digit of 11662401?
6
What is the ten thousands digit of 53407585?
0
What is the hundreds digit of 415263994?
9
What is the ten millions digit of 1950287723?
5
What is the ten thousands digit of 169092250?
9
What is the ten millions digit of 11771430?
1
What is the millions digit of 43088250?
3
What is the millions digit of 36146820?
6
What is the billions digit of 1172961553?
1
What is the ten millions digit of 131210359?
3
What is the ten millions digit of 110727864?
1
What is the tens digit of 58541958?
5
What is the hundreds digit of 67600226?
2
What is the millions digit of 537870491?
7
What is the hundred millions digit of 150778053?
1
What is the ten thousands digit of 1365224352?
2
What is the units digit of 242986796?
6
What is the units digit of 22704606?
6
What is the millions digit of 454461446?
4
What is the units digit of 40955009?
9
What is the hundred thousands digit of 104135623?
1
What is the hundred thousands digit of 311972614?
9
What is the millions digit of 278847116?
8
What is the units digit of 94037524?
4
What is the billions digit of 1220257833?
1
What is the ten thousands digit of 4041303832?
0
What is the millions digit of 8622818872?
2
What is the ten millions digit of 425176849?
2
What is the hundred thousands digit of 50599268?
5
What is the tens digit of 432994236?
3
What is the millions digit of 914850507?
4
What is the hundreds digit of 1423455688?
6
What is the millions digit of 1337077057?
7
What is the millions digit of 500421784?
0
What is the ten millions digit of 1616591455?
1
What is the thousands digit of 3056751779?
1
What is the hundred millions digit of 370749386?
3
What is the thousands digit of 82174662?
4
What is the units digit of 3461974459?
9
What is the units digit of 1239448238?
8
What is the hundreds digit of 36647973?
9
What is the hundred millions digit of 1500876065?
5
What is the hundred millions digit of 1680348595?
6
What is the units digit of 73365893?
3
What is the thousands digit of 299579883?
9
What is the hundred thousands digit of 49722437?
7
What is the units digit of 1497464796?
6
What is the ten thousands digit of 247166893?
6
What is the millions digit of 3420196887?
0
What is the hundreds digit of 353480149?
1
What is the millions digit of 36044021?
6
What is the ten thousands digit of 45834510?
3
What is the millions digit of 63758172?
3
What is the thousands digit of 464099790?
9
What is the hundred thousands digit of 1847232790?
2
What is the hundred thousands digit of 106367024?
3
What is the hundred thousands digit of 176880114?
8
What is the hundreds digit of 375929301?
3
What is the hundred millions digit of 1448091491?
4
What is the tens digit of 860821277?
7
What is the millions digit of 54328312?
4
What is the hundred thousands digit of 154648056?
6
What is the billions digit of 1611072953?
1
What is the thousands digit of 258481002?
1
What is the hundred millions digit of 5372796948?
3
What is the tens digit of 49927515?
1
What is the millions digit of 70400669?
0
What is the units digit of 320264935?
5
What is the ten millions digit of 56394766?
5
What is the ten thousands digit of 750030464?
3
What is the thousands digit of 1702815002?
5
What is the tens digit of 4508957868?
6
What is the millions digit of 6716794?
6
What is the tens digit of 63632453?
5
What is the thousands digit of 53073168?
3
What is the hundred millions digit of 1027495072?
0
What is the billions digit of 5379048662?
5
What is the hundred thousands digit of 99554375?
5
What is the millions digit of 20006283?
0
What is the ten millions digit of 35588540?
3
What is the billions digit of 1107603067?
1
What is the millions digit of 20433328?
0
What is the hundreds digit of 3577178341?
3
What is the millions digit of 179280852?
9
What is the hundred millions digit of 2590345985?
5
What is the hundred thousands digit of 782633097?
6
What is the hundred thousands digit of 1910768819?
7
What is the millions digit of 3854290302?
4
What is the ten thousands digit of 14072492?
7
What is the units digit of 103418447?
7
What is the ten thousands digit of 859038196?
3
What is the hundred millions digit of 161268409?
1
What is the tens digit of 1518554120?
2
What is the tens digit of 208229323?
2
What is the ten thousands digit of 4773420?
7
What is the hundreds digit of 105816595?
5
What is the millions digit of 633825646?
3
What is the hundred thousands digit of 2899419238?
4
What is the hundred thousands digit of 1856167723?
1
What is the ten millions digit of 121048881?
2
What is the units digit of 14272746?
6
What is the millions digit of 69243627?
9
What is the units digit of 147795868?
8
What is the hundreds digit of 2487807001?
0
What is the units digit of 856389668?
8
What is the ten thousands digit of 429150199?
5
What is the hundred thousands digit of 199129103?
1
What is the ten millions digit of 3145196731?
4
What is the millions digit of 137759583?
7
What is the ten millions digit of 272363144?
7
What is the hundred thousands digit of 119882850?
8
What is the hundred thousands digit of 508043960?
0
What is the ten thousands digit of 367736596?
3
What is the hundred millions digit of 3842907166?
8
What is the units digit of 547065245?
5
What is the thousands digit of 1569957748?
7
What is the units digit of 198151283?
3
What is the hundred thousands digit of 70464546?
4
What is the ten